 + -38?
-13
Calculate 0 + -23 - -3 - 2 - -4 - -5.
-13
What is the value of -6 + (15 - (7 - -12)) - (-1 + 4)?
-13
Evaluate -7 - (-23 - -7) - 9.
0
Evaluate (-11 - (-11 + 3 - -14)) + 12.
-5
Evaluate (55 - (32 - -61)) + (-1 - -16).
-23
Calculate 6 - (1 + -9 + (59 - 52)).
7
(-1 - (-2 - (-1 + 7))) + -1
6
Evaluate 34 + 6 + -3 + -2 + -5 + -9.
21
Evaluate 8 - -18 - 12 - (1 + -8 - 2).
23
5 - (26 + -10 + 7)
-18
Evaluate 7 + -13 + 15 - 3.
6
What is the value of 34 - 38 - (2 + -12 - 3)?
9
Evaluate 40 + -30 + -17 + -4.
-11
-1 - (17 + -20 - (2 + -8 + -3))
-7
(4 - 26) + 7 + 3
-12
What is 8 + (4 - 1) + (-1 - -2) + -24?
-12
Evaluate -4 + (-21 - (13 - 14) - (3 - -3)).
-30
Evaluate 5 + 0 - (10 + (16 - (18 + -10))).
-13
Calculate (-1 - -33) + 0 + -5038 + 5034.
28
What is the value of -14 + (3 - (1 - 7) - 4) + -2?
-11
Evaluate -5 + 2 + -1 + -3 - (-8 + 5).
-4
Calculate (-3 - (16 - (-9 + 22))) + -10.
-16
Calculate (-1 - -17 - 2) + (1 - -7) + -9.
13
What is (5 - 22) + -8 - ((-11 - -3) + 4)?
-21
What is the value of 283 + -272 + 0 + 7?
18
What is 10 + (-17 - -32 - 49) + 8?
-16
What is the value of 2052 + -2073 - (-1 - (-1 - (8 - 0)))?
-29
Calculate (-7 - -22 - 15) + -56 + 16.
-40
What is 3 + (-8 - (11 + -25) - (11 - 0))?
-2
What is (-19 - -34) + 1 + -9 + 4?
11
What is the value of (15 + -21 - (-9 + -3 + 4)) + -4?
-2
What is the value of 7 + -5 + -1 + (0 - (-11 - 8))?
20
What is the value of (-30 - -12) + 8 + 11 + 1 + -1?
1
What is the value of -37 - (4 + 33 + -50)?
-24
What is the value of 35 + 6 + -10 + (2 - 9)?
24
What is the value of -20 - -1 - (188 - 206)?
-1
Calculate 32 + (-35 + 21 - 6).
12
Evaluate 1 - (-37 + (5 - -30)).
3
Calculate 2351 + -2369 + (2 - (0 - -11)).
-27
59 + -80 + (-2 - -2)
-21
What is (-34 - -20) + (-2 - 0)?
-16
Calculate -10 + 28 + -3 + -8.
7
Evaluate -13 + 25 + -25 - (-20 + 5).
2
-26 + (-30 - 15 - -56)
-15
Evaluate 0 - (30 + -13 + -20 - (-11 + 1)).
-7
What is the value of (-5 - 6 - (2 + -9)) + -7 + 6?
-5
What is (4 - 2) + -31 + 6?
-23
-6 - 1 - ((-15 - -10) + 9 + 2)
-13
What is 16 - (-1 + 21 + -35) - 4?
27
Calculate 23 - (24 + -38 + 26).
11
Evaluate -4 - (5 - (-4 - -9) - -1).
-5
Evaluate -131 + 129 + 17 + 3.
18
Calculate (1 - (8 + -6 + (5 - 4))) + -5.
-7
Evaluate -2 - ((5 - 24) + (0 - -7)).
10
Calculate -3 - (7 + 9 + -15).
-4
Calculate 4 + -2 + -11 + 2 - 23.
-30
Evaluate (-10 - -25) + 6 + -5.
16
Calculate -5 - (-11 - -28 - 29).
7
Evaluate (10 - 4) + 2 + (-7 - -19).
20
Calculate 4 + 2 - (89 - 88) - 4.
1
Evaluate 2 + -6 + -11 + 23.
8
What is (-5 - 1) + 27 + -16 + 3?
8
-13 - ((14 - (7 + 21)) + -12)
13
Evaluate 4 - (-11 + (7 - 7) - -5).
10
(-1 + -7 - (-16 + 17)) + 0
-9
Calculate -9 - (-22 + -7 + 15 + -8).
13
Calculate (-2 - 10) + (-1 - (7 + -16 - -5)).
-9
Calculate -3 + -8 + 9 + -7.
-9
Evaluate 16 + (-6 - (-4 - -7)) - (-13 + 8).
12
What is the value of -99 - -111 - (-4 - (4 - 0 - 7))?
13
(-24 - (-6 + 12)) + 12
-18
Evaluate -3 - (2 + (2 - 3) - 11).
7
-8 - -11 - (1 + (5 - 2))
-1
8 - (76 + -33 - 10)
-25
What is -20 - ((-4 - 14 - -8) + 7)?
-17
1 + -1 + 14 - 7
7
What is the value of -34 + 33 + 0 + 33?
32
Evaluate -3 + (4 - 2) - (8 + -21).
12
((5 - 3 - 3) + 1 - 4) + 6
2
What is the value of -1 + -5 + 12 + 41 + -13?
34
Evaluate 6 + 3 + (2 - (5 + (-14 - 0))).
20
Calculate (-2 - 2) + 1 + -2 - (-8 - -7).
-4
What is -11 + -2 + 1 - -20?
8
What is (-160 - -140) + (9 - 2 - 0)?
-13
What is (2 - 9 - 2) + (-9 + 46 - 33)?
-5
-8 + (-4 + 1 - (-2 - (2 - 0)))
-7
Evaluate -10 + 19 + (7 - 15).
1
Evaluate (-5 - (3 + -11 + -3)) + 11.
17
What is the value of -25 + (9 + 1 - (66 - 62))?
-19
35 - (-5 + 6 + 34)
0
Evaluate 4 - (-5 + 15 + -7 - 4).
5
Calculate (-13 + 21 - -5) + -2.
11
4 - (-16 - (-7 - 9))
4
Evaluate (-10 + 25 - 13) + -14.
-12
What is the value of (5 - (17 - 4) - (14 + -21)) + 27?
26
Calculate 32 - ((13 - 10 - 8) + 21).
16
1 + -3 + -3 + 10 + 4 + 1
10
Calculate 6 + 32 + -35 + 1 + -6.
-2
What is -3 + (0 - -2) + (75 - 113) + 8?
-31
Calculate 1 + -14 - (-180 + 80 - -83).
4
6 + -23 + (7 - -1) - 5
-14
Evaluate (12 - (-9 + 8)) + -2 + 7.
18
Evaluate -7 + (1 - 2) + (-5 - (59 + -42)).
-30
What is the value of -1 + 0 + (-18 - -14 - 9) + 0?
-14
10 - (0 - 1) - (41 + 0)
-30
What is the value of (-15 - -9) + 13 - (-1 - -20)?
-12
Calculate (7 - -1) + -10 + (-11 - (3 - 1)).
-15
Calculate 30 + -7 + -5 + -24.
-6
What is -8 - (1 - 20) - (47 + -31)?
-5
What is the value of (150 - 188) + 0 + 33?
-5
What is the value of (43 - 43 - (-3 + 14)) + 10?
-1
What is 40 + (-7 - 12) - 32?
-11
-2 + -13 + 0 + -30 + 32
-13
Calculate 7 - (-20 + 30) - (-1 + 3 + -5).
0
Evaluate (-3 - 22) + (22 - 11 - -1).
-13
Calculate -12 + 0 + 31 + 145 + -134.
30
Evaluate -45 + 10 + (25 - 5).
-15
What is the value of -31 + (7 + -9 - 9 - -18 - 2)?
-26
What is -14 + 4 + -8 + 2 + (-7 - -10)?
-13
(-1 - -12) + (-25 - (-31 - 1))
18
What is the value of 7 + (18 - 34) + 12?
3
(-1 - (1 - 9 - 1)) + (-2675 - -2673)
6
What is the value of -8 + 3 + (-10 - -6 - -14) + 6?
11
14 + (5 - (15 + -14 + 11))
7
Calculate 3 + (-26 - -13) + 1 + 18.
9
-2 + 9 + (-15 - (3 - 5) - -6)
0
Calculate -14 + -31 - ((5 - -11) + -29).
-32
What is the value of 369 + -396 - (1 + -50)?
22
What is the value of -33 + (-2 - 12 - -51)?
4
7 - (-5 + 0) - (6 - -3)
3
Evaluate (-12 + 42 - 2) + -7.
21
What is (-2 - (0 - 0)) + -1 + (-364 - -356)?
-11
What is 6 + -13 - (-2 - -8)?
-13
8 + (-7 - -4) - -9
14
Evaluate -20 - -29 - (4 + 1 - -2).
2
Calculate 12 + 1 - (-7 - (6 - 18)) - -3.
11
(-5 + 0 - (6 + -9 + 1)) + 5
2
What is -22 + (16 - -6) + -10?
-10
Calculate (-6 - 11) + -61 + 86.
8
Evaluate -10 + (45 - 19) + -9.
7
What is (-28 - -2) + 15 + -23 + 18?
-16
What is (0 - 10 - 2) + (235 - 225)?
-2
9 - 21 - -11 - (2 + -3 - -9)
-9
11 - (92 + -96 + 6 + 0)
9
What is -57 + (5 + 11 - (-38 - -38))?
-41
What is the value of (5 - (8 - (-10 - 3))) + 45?
29
What is 10 - (-9 - (-7 - 14))?
-2
What is the value of 2 + 5 - -3 - (4 - (23 + -29))?
0
Evaluate 2 + 1 + -6 - -1 - (-149 - -152).
-5
What is the value of (-3 - (2 + -4 - -1)) + (-693 - -687)?
-8
What is the value of 4 - 9 - 1 - (-1 - 0 - -1)?
-6
What is (2 - 23) + 0 - 1?
-22
-10 - 9 - (12 + 3 - (13 + -4))
-25
What is the value of -8 + (5 - 3 - 1) + (-50 - -55)?
-2
Evaluate 2 - (6 + 6 + -11 + -9 + 20).
-10
-5 + 5 + 2 + -11 + 6 - 7
-10
What is 8 - 0 - (7 + -14 + 24) - -6?
-3
-27 - -15 - (3 + -14) - 12
-13
Calculate (-79 - -69) + (-9 - 1 - -4).
-16
Calculate -44 + 12 + -11 + 20.
-23
-39 - -43 - (0 + -3 + -3)
10
Calculate (2 + 2 - (1 - 1)) + -2.
2
Calculate (-448 - -459) + (0 - 0).
11
What is the value of 1 + (-14 - -11) + (11 - (0 + 2))?
7
Evaluate 2 + (3 - -14 - (-3 - (8 + -14))).
16
What is 10 + (-13 + 1 - -5 - 9)?
-6
-5 + 22 + (-8 + -1 - (6 + -8))
10
What is (-8 - (-4 + 2)) + (-138 - -157) - 0?
13
Evaluate 6 - -2 - (110 + -104).
2
Calculate (10 + 1 - (16 - (-1 + 13))) + -21.
-14
Evaluate -15 + (28 - 47) + 8.
-26
Evaluate 1 - ((-6 - -12) + 12) - -9.
-8
3 + 5 + -2 + (-4 - (3 + -14))
13
What is (0 - -13) + (36 - (32 + 11))?
6
What is (45 - (-32 - -63)) + (1 - (-1 + -1))?
17
Calculate (5 + -40 - -26) + 4 + -1.
-6
What is the value of 0 - (53 + -50 + -1 + 8 + -2)?
-8
Evaluate (13 - 1) + 13 + -18 - (-3 + -1).
11
What is 30 - 21 - (-6 - (-4 + 3))?
14
Evaluate 20 - (12 - 7 - 4 - -2 - -7).
10
Evaluate -65 + 78 + (-22 - -1) + -3.
-11
Calculate -235 + 254 - (1 + 14).
4
8 - -4 - (-1 - -4) - (-6 - -13)
2
What is (-19 + 59 - 19) + -10?
11
What is the value of -124 - -64 - -65 - (13 - -1)?
-9
What is -28 + 57 - 23 - (-10 + 3)?
13
What is the value of 31 - (37 + -15 + -25)?
34
What is the value of 0 + -11 + 27 - (14 - -1)?
1
What is (1 - -4) + 109 + -116 + 8 - 1?
5
3 - (1 - 1) - (-258 + 251) - 6
4
What is the value of (-18 - 0) + -80 + 83 - 19?
-34
What is (-202 + 215 - (12 + 2)) + (-29 - 1)?
-31
What is 31 + -25 + 6 + 1 + -3?
10
Evaluate -22 + (-2 - (-1 + -38)) + (1 - -8).
24
What is the value of -182 + 189 - ((2 - 6) + 1 + -8)?
18
What is -24 + 37 + (-1 - (5 - 2 - 0))?
9
Calculate (-2 + 2 + -2 - 1) + 2 + -13.
-14
Calculate 16 + (5 - 37) + 21.
5
What is the value of 3 + 0 - (1 - 7) - (62 + -54)?
1
Calculate -1 - (9 - 3) - (-31 + -25 + 47).
2
Calculate 32 - 2 - (44 - 21).
7
What is the value of -4 - (-11 + ((-3 - -2) + -8 - -3))?
13
(-3 - -15) + -5 + 5 + -13 + 8
7
What is -139 + 148 - (17 + (4 - 2))?
-10
What is the value of 10 + -16 + -14 + 8 + 